{"id":1079,"date":"2025-06-14T20:20:41","date_gmt":"2025-06-14T18:20:41","guid":{"rendered":"https:\/\/camillegris.com\/?page_id=1079"},"modified":"2025-06-18T11:14:12","modified_gmt":"2025-06-18T09:14:12","slug":"cours-adultes-bimensuels","status":"publish","type":"page","link":"https:\/\/camillegris.com\/index.php\/cours-adultes-bimensuels\/","title":{"rendered":"Cours adultes bimensuels"},"content":{"rendered":"\n<div class=\"wp-block-media-text is-stacked-on-mobile\"><figure class=\"wp-block-media-text__media\"><img loading=\"lazy\" decoding=\"async\" width=\"382\" height=\"504\" src=\"https:\/\/camillegris.com\/wp-content\/uploads\/2025\/06\/image-poterie-adulte-2.png\" alt=\"\" class=\"wp-image-1080 size-full\" srcset=\"https:\/\/camillegris.com\/wp-content\/uploads\/2025\/06\/image-poterie-adulte-2.png 382w, https:\/\/camillegris.com\/wp-content\/uploads\/2025\/06\/image-poterie-adulte-2-227x300.png 227w, https:\/\/camillegris.com\/wp-content\/uploads\/2025\/06\/image-poterie-adulte-2-45x60.png 45w\" sizes=\"(max-width: 382px) 100vw, 382px\" \/><\/figure><div class=\"wp-block-media-text__content\">\n<p class=\"has-large-font-size\" style=\"font-style:normal;font-weight:900\">Les semaines impaires, <strong><em>Venez apprendre le tournage, le modelage et d\u00e9corer vos r\u00e9alisations. Un moment de d\u00e9couverte cr\u00e9atif et convivial. <\/em><\/strong><\/p>\n<\/div><\/div>\n\n\n\n<p class=\"has-text-color has-link-color has-large-font-size wp-elements-71e48ad35db72a141e036eb284b5e688\" style=\"color:#ac415c\">Tournage \/ Modelage \/ D\u00e9coration<\/p>\n\n\n\n<p class=\"has-text-color has-link-color has-medium-font-size wp-elements-46e457c80fd87af9b64e55f48456e07f\" style=\"color:#b84965\">4 personnes maximum<\/p>\n\n\n\n<p class=\"has-medium-font-size\" style=\"font-style:normal;font-weight:900\">Le vendredi de 18h30 \u00e0 20h30 (hors vacances scolaires et jours f\u00e9ri\u00e9s) <\/p>\n\n\n\n<p class=\"has-background has-medium-font-size\" style=\"background-color:#4b8a71;font-style:normal;font-weight:700\">Tarif : <strong>22\u20ac la s\u00e9ance ou 300\u20ac l&rsquo;ann\u00e9e &#8211; Premier cours d&rsquo;essai gratuit<\/strong><\/p>\n\n\n\n<p>Pour r\u00e9server ou obtenir plus d\u2019informations, contactez-moi via <a href=\"https:\/\/camillegris.com\/index.php\/contact\/\">Contact<\/a><\/p>\n\n\n\n<p><\/p>\n\n\n\n<p><\/p>\n","protected":false},"excerpt":{"rendered":"<p>Les semaines impaires, Venez apprendre le tournage, le modelage et d\u00e9corer vos r\u00e9alisations. Un moment de d\u00e9couverte cr\u00e9atif et convivial. Tournage \/ Modelage \/ D\u00e9coration 4 personnes maximum Le vendredi de 18h30 \u00e0 20h30 (hors &hellip; <\/p>\n","protected":false},"author":1,"featured_media":0,"parent":0,"menu_order":0,"comment_status":"closed","ping_status":"closed","template":"","meta":{"om_disable_all_campaigns":false,"_monsterinsights_skip_tracking":false,"_monsterinsights_sitenote_active":false,"_monsterinsights_sitenote_note":"","_monsterinsights_sitenote_category":0,"footnotes":""},"aioseo_notices":[],"_links":{"self":[{"href":"https:\/\/camillegris.com\/index.php\/wp-json\/wp\/v2\/pages\/1079"}],"collection":[{"href":"https:\/\/camillegris.com\/index.php\/wp-json\/wp\/v2\/pages"}],"about":[{"href":"https:\/\/camillegris.com\/index.php\/wp-json\/wp\/v2\/types\/page"}],"author":[{"embeddable":true,"href":"https:\/\/camillegris.com\/index.php\/wp-json\/wp\/v2\/users\/1"}],"replies":[{"embeddable":true,"href":"https:\/\/camillegris.com\/index.php\/wp-json\/wp\/v2\/comments?post=1079"}],"version-history":[{"count":6,"href":"https:\/\/camillegris.com\/index.php\/wp-json\/wp\/v2\/pages\/1079\/revisions"}],"predecessor-version":[{"id":1120,"href":"https:\/\/camillegris.com\/index.php\/wp-json\/wp\/v2\/pages\/1079\/revisions\/1120"}],"wp:attachment":[{"href":"https:\/\/camillegris.com\/index.php\/wp-json\/wp\/v2\/media?parent=1079"}],"curies":[{"name":"wp","href":"https:\/\/api.w.org\/{rel}","templated":true}]}}