{"id":963,"date":"2024-11-25T13:34:26","date_gmt":"2024-11-25T12:34:26","guid":{"rendered":"https:\/\/camillegris.com\/?page_id=963"},"modified":"2025-12-15T14:00:42","modified_gmt":"2025-12-15T13:00:42","slug":"cartes-cadeaux-ceramique-poterie","status":"publish","type":"page","link":"https:\/\/camillegris.com\/index.php\/cartes-cadeaux-ceramique-poterie\/","title":{"rendered":"Cartes cadeaux"},"content":{"rendered":"\n<p class=\"has-large-font-size\"><strong>Apportez \u00e0 vos proches des moments de cr\u00e9ativit\u00e9 et de d\u00e9couverte avec une carte cadeau c\u00e9ramique &amp; poterie.<\/strong><\/p>\n\n\n\n<figure class=\"wp-block-image size-full is-resized\"><img loading=\"lazy\" decoding=\"async\" width=\"597\" height=\"376\" src=\"https:\/\/camillegris.com\/wp-content\/uploads\/2024\/11\/Bon-cadeau-ceramique-1.png\" alt=\"\" class=\"wp-image-981\" style=\"width:360px;height:auto\" srcset=\"https:\/\/camillegris.com\/wp-content\/uploads\/2024\/11\/Bon-cadeau-ceramique-1.png 597w, https:\/\/camillegris.com\/wp-content\/uploads\/2024\/11\/Bon-cadeau-ceramique-1-300x189.png 300w, https:\/\/camillegris.com\/wp-content\/uploads\/2024\/11\/Bon-cadeau-ceramique-1-95x60.png 95w\" sizes=\"(max-width: 597px) 100vw, 597px\" \/><\/figure>\n\n\n\n<p class=\"has-medium-font-size\">COMMENT FAIRE ?  <\/p>\n\n\n\n<ol>\n<li>Vous choisissez l&rsquo;une des formules ci dessous <\/li>\n\n\n\n<li>Vous m&rsquo;envoyer un mail via le formulaire contact <a href=\"https:\/\/camillegris.com\/index.php\/contact\/\" title=\"ici\">ici<\/a> ou par t\u00e9l\u00e9phone en pr\u00e9cisant votre demande<\/li>\n\n\n\n<li>Vous r\u00e9glez ensuite par virement bancaire ou par ch\u00e8que et recevez par mail votre carte cadeau <\/li>\n<\/ol>\n\n\n\n<p class=\"has-black-color has-text-color has-link-color wp-elements-85a6abbe25c337e777a759969022d1bc\"><strong>LES FORMULES :<\/strong><\/p>\n\n\n\n<p class=\"has-text-color has-link-color wp-elements-613dcfcd1de49de72284a380b0cde1e5\" style=\"color:#ec3966\"><strong>ENFANTS  d\u00e8s 5 ans <\/strong><\/p>\n\n\n\n<p class=\"has-medium-font-size\"><\/p>\n\n\n\n<ul>\n<li style=\"font-size:20px\"><strong>Un atelier initiation c\u00e9ramique &amp; poterie \/ <strong>Tarif : 25\u20ac<\/strong> <\/strong>&#8211; R\u00e9servez sur un atelier durant les vacances scolaires <strong> <\/strong><\/li>\n\n\n\n<li style=\"font-size:20px\"><strong>Un atelier initiation individuel c\u00e9ramique &amp; poterie individuel \/ tarif 50\u20ac<\/strong> <\/li>\n<\/ul>\n\n\n\n<p class=\"has-text-color has-link-color wp-elements-ef094092f52abd4a96841777e5d78505\" style=\"color:#ec3966\"><strong>ADULTES<\/strong><\/p>\n\n\n\n<ul>\n<li style=\"font-size:20px\"><strong>Programme complet cours de c\u00e9ramique &amp; poterie \/ Tarif : 350 \u20ac<em> <\/em><\/strong> &#8211; 16 s\u00e9ances du 4 f\u00e9vrier au 17 juin 2025 ; les mardis 9h30 \u00e0 11h30 [ hors vacances scolaires et jours f\u00e9ri\u00e9s ]<\/li>\n\n\n\n<li style=\"font-size:20px\"><strong>3 Ateliers c\u00e9ramique &amp; poterie<\/strong> <strong>\/ Tarif <\/strong>: <strong>80\u20ac<\/strong> &#8211; R\u00e9servation sur les mardis de 9h30 \u00e0 11h30 [ hors vacances scolaires et jours f\u00e9ri\u00e9s ]<strong> <\/strong><\/li>\n\n\n\n<li class=\"has-medium-font-size\"><strong>Un Stage initiation c\u00e9ramique &amp; poterie \/ tarif 80\u20ac<\/strong> &#8211; r\u00e9servez sur les dates propos\u00e9es une journ\u00e9e le week-end<\/li>\n<\/ul>\n","protected":false},"excerpt":{"rendered":"<p>Apportez \u00e0 vos proches des moments de cr\u00e9ativit\u00e9 et de d\u00e9couverte avec une carte cadeau c\u00e9ramique &amp; poterie. COMMENT FAIRE ? LES FORMULES : ENFANTS d\u00e8s 5 ans ADULTES<\/p>\n","protected":false},"author":1,"featured_media":0,"parent":0,"menu_order":0,"comment_status":"closed","ping_status":"closed","template":"","meta":{"om_disable_all_campaigns":false,"_monsterinsights_skip_tracking":false,"_monsterinsights_sitenote_active":false,"_monsterinsights_sitenote_note":"","_monsterinsights_sitenote_category":0,"footnotes":""},"aioseo_notices":[],"_links":{"self":[{"href":"https:\/\/camillegris.com\/index.php\/wp-json\/wp\/v2\/pages\/963"}],"collection":[{"href":"https:\/\/camillegris.com\/index.php\/wp-json\/wp\/v2\/pages"}],"about":[{"href":"https:\/\/camillegris.com\/index.php\/wp-json\/wp\/v2\/types\/page"}],"author":[{"embeddable":true,"href":"https:\/\/camillegris.com\/index.php\/wp-json\/wp\/v2\/users\/1"}],"replies":[{"embeddable":true,"href":"https:\/\/camillegris.com\/index.php\/wp-json\/wp\/v2\/comments?post=963"}],"version-history":[{"count":9,"href":"https:\/\/camillegris.com\/index.php\/wp-json\/wp\/v2\/pages\/963\/revisions"}],"predecessor-version":[{"id":1140,"href":"https:\/\/camillegris.com\/index.php\/wp-json\/wp\/v2\/pages\/963\/revisions\/1140"}],"wp:attachment":[{"href":"https:\/\/camillegris.com\/index.php\/wp-json\/wp\/v2\/media?parent=963"}],"curies":[{"name":"wp","href":"https:\/\/api.w.org\/{rel}","templated":true}]}}