{"id":97,"date":"2024-04-04T12:50:24","date_gmt":"2024-04-04T10:50:24","guid":{"rendered":"https:\/\/camillegris.com\/?page_id=97"},"modified":"2024-06-21T00:23:22","modified_gmt":"2024-06-20T22:23:22","slug":"a-propos","status":"publish","type":"page","link":"https:\/\/camillegris.com\/index.php\/a-propos\/","title":{"rendered":"Qui suis-je ?"},"content":{"rendered":"\n<p class=\"has-text-color has-link-color has-large-font-size wp-elements-99cc507206a419cb87ef95cb9a954bd5\" style=\"color:#3c0816\"><em><strong>Mon parcours <\/strong><\/em><\/p>\n\n\n\n<div class=\"wp-block-columns are-vertically-aligned-bottom is-layout-flex wp-container-core-columns-is-layout-1 wp-block-columns-is-layout-flex\">\n<div class=\"wp-block-column is-layout-flow wp-block-column-is-layout-flow\" style=\"flex-basis:84%\">\n<p class=\"has-text-align-left\" style=\"font-size:18px\">J&rsquo;ai d\u00e9couvert la c\u00e9ramique \u00e0 l&rsquo;adolescence ; Cette pratique lumineuse et singuli\u00e8re ne m&rsquo;a jamais quitt\u00e9. En 2005, j&rsquo;obtiens un BMA (Brevet des m\u00e9tiers d&rsquo;arts) c\u00e9ramique; Puis en 2009 un DNAP ( dipl\u00f4me national d&rsquo;arts plastiques) et un DNAT (dipl\u00f4me national d&rsquo;arts techniques &#8211; option c\u00e9ramique) et enfin en 2010 un DAS (diploma advenced studies) en c\u00e9ramiques et polym\u00e8res. Ce cursus m&rsquo;apporte une vision de la c\u00e9ramique dans le domaine de l&rsquo;artisanat et de l&rsquo;art contemporain et parall\u00e8lement une pratique globale des arts plastiques.<\/p>\n<\/div>\n\n\n\n<div class=\"wp-block-column is-layout-flow wp-block-column-is-layout-flow\" style=\"flex-basis:16%\">\n<figure class=\"wp-block-image\"><img loading=\"lazy\" decoding=\"async\" width=\"679\" height=\"1024\" src=\"https:\/\/camillegris.com\/wp-content\/uploads\/2024\/06\/P1090218-679x1024.jpg\" alt=\"\" class=\"wp-image-572\" srcset=\"https:\/\/camillegris.com\/wp-content\/uploads\/2024\/06\/P1090218-679x1024.jpg 679w, https:\/\/camillegris.com\/wp-content\/uploads\/2024\/06\/P1090218-199x300.jpg 199w, https:\/\/camillegris.com\/wp-content\/uploads\/2024\/06\/P1090218-768x1158.jpg 768w, https:\/\/camillegris.com\/wp-content\/uploads\/2024\/06\/P1090218-1019x1536.jpg 1019w, https:\/\/camillegris.com\/wp-content\/uploads\/2024\/06\/P1090218-1358x2048.jpg 1358w, https:\/\/camillegris.com\/wp-content\/uploads\/2024\/06\/P1090218-1024x1544.jpg 1024w, https:\/\/camillegris.com\/wp-content\/uploads\/2024\/06\/P1090218.jpg 1634w\" sizes=\"(max-width: 679px) 100vw, 679px\" \/><\/figure>\n<\/div>\n<\/div>\n\n\n\n<p style=\"font-size:18px\">A l&rsquo;issue de ma formation, les perspectives sensibles de l&rsquo;art et son aspect p\u00e9dagogique m\u2019int\u00e9ressent particuli\u00e8rement. Je m&rsquo;oriente ainsi vers l&rsquo;enseignement. J\u2019ai donn\u00e9 des cours d\u2019arts appliqu\u00e9s en lyc\u00e9e face \u00e0 des jeunes dans des formations professionnelles qualifi\u00e9es de \u00ab&nbsp;voies de garage&nbsp;\u00bb. De prime abord d\u00e9sarm\u00e9e par le d\u00e9sinvestissement, c\u2019est l\u00e0, en d\u00e9finitive, quand la cr\u00e9ation n\u2019avait a priori pas sa place, loin des mus\u00e9es, et m\u00eame en dehors de la p\u00e9dagogie que j\u2019ai d\u00e9couvert tout le potentiel de l\u2019Art. J&rsquo;ai enseign\u00e9 en lyc\u00e9es professionnels, en classe relais ( \u00e9l\u00e8ves en d\u00e9crochage scolaire) et en EREA (\u00e9tablissement r\u00e9gional d&rsquo;enseignement adapt\u00e9) durant 4 ann\u00e9es.<\/p>\n\n\n\n<p style=\"font-size:18px\">Ces exp\u00e9riences significatives m&rsquo;am\u00e8nent en 2014 \u00e0 me former \u00e0 l&rsquo;art-th\u00e9rapie. Apr\u00e8s un an de formation, j&rsquo;obtiens en 2015 un titre d&rsquo;art-th\u00e9rapeute r\u00e9pertori\u00e9 RNCP qui me permet d&rsquo;exercer l&rsquo;art-th\u00e9rapie en intervenant dans les institutions (h\u00f4pital psychiatrique, EHPAD, IME et et dans le milieu \u00e9ducatif ) Je continue l&rsquo;enseignement de l&rsquo;art dans diff\u00e9rents \u00e9tablissements : coll\u00e8ge, lyc\u00e9e, GRETA et \u00e9coles primaires jusqu&rsquo;en 2017.<\/p>\n\n\n\n<p style=\"font-size:18px\">Parall\u00e8lement \u00e0 mon statut d&rsquo;art-th\u00e9rapeute, j&rsquo;ai travaill\u00e9 7 ann\u00e9es au mus\u00e9e de l&rsquo;abbaye \u00e0 Saint-Claude ayant principalement en charge l&rsquo;animation des ateliers de pratiques artistiques. La conception de projets sp\u00e9cifiques, le suivi et l&rsquo;encadrement de ces ateliers s&rsquo;adaptaient \u00e0 diff\u00e9rents types de publics. Des personnes en individuel (Touristes, enfants, adultes, publics du territoire) et des personnes en groupe ( Institut M\u00e9dico-Educatif, Foyer d&rsquo;accueil m\u00e9dicalis\u00e9, centre d&rsquo;accueil et de demandeurs d&rsquo;asile, scolaires, centre social, h\u00f4pital de jour &#8230;).<\/p>\n\n\n\n<div class=\"wp-block-media-text is-stacked-on-mobile is-vertically-aligned-top\" style=\"grid-template-columns:46% auto\"><figure class=\"wp-block-media-text__media\"><img loading=\"lazy\" decoding=\"async\" width=\"916\" height=\"1024\" src=\"https:\/\/camillegris.com\/wp-content\/uploads\/2024\/05\/anniv7-3-916x1024.jpg\" alt=\"\" class=\"wp-image-524 size-full\" srcset=\"https:\/\/camillegris.com\/wp-content\/uploads\/2024\/05\/anniv7-3-916x1024.jpg 916w, https:\/\/camillegris.com\/wp-content\/uploads\/2024\/05\/anniv7-3-268x300.jpg 268w, https:\/\/camillegris.com\/wp-content\/uploads\/2024\/05\/anniv7-3-768x858.jpg 768w, https:\/\/camillegris.com\/wp-content\/uploads\/2024\/05\/anniv7-3-1374x1536.jpg 1374w, https:\/\/camillegris.com\/wp-content\/uploads\/2024\/05\/anniv7-3-1832x2048.jpg 1832w, https:\/\/camillegris.com\/wp-content\/uploads\/2024\/05\/anniv7-3-1024x1145.jpg 1024w\" sizes=\"(max-width: 916px) 100vw, 916px\" \/><\/figure><div class=\"wp-block-media-text__content\">\n<p class=\"has-text-color has-link-color has-large-font-size wp-elements-7beca82aa99a06b827679b7eeeae9e5a\" style=\"color:#390512\"><strong>Aujourd&rsquo;hui &#8230;<\/strong><\/p>\n\n\n\n<p style=\"font-size:18px\">La transmission d&rsquo;activit\u00e9s artistiques singuli\u00e8res est au c\u0153ur de mon travail. Cette transmission est un engagement fort et sa construction se tisse toujours \u00e0 travers des projets o\u00f9 l&rsquo;Art est un vecteur de reliance. Pour cultiver en chacun la contemplation et la pratique artistique je priorise l&rsquo;exp\u00e9rience, le savoir-faire et le plaisir au service du mieux \u00eatre et de la convivialit\u00e9. <\/p>\n\n\n\n<p style=\"font-size:18px\">Actuellement, je poursuis diff\u00e9rents types d&rsquo;accompagnements compl\u00e9mentaires : cours de c\u00e9ramique, art-th\u00e9rapie et interventions artistiques. Ces accompagnements peuvent \u00eatre individuels ou en groupe. <\/p>\n\n\n\n<figure class=\"wp-block-image size-large\"><img loading=\"lazy\" decoding=\"async\" width=\"1024\" height=\"576\" src=\"https:\/\/camillegris.com\/wp-content\/uploads\/2024\/05\/20240403_111614-1-1024x576.jpg\" alt=\"\" class=\"wp-image-525\" srcset=\"https:\/\/camillegris.com\/wp-content\/uploads\/2024\/05\/20240403_111614-1-1024x576.jpg 1024w, https:\/\/camillegris.com\/wp-content\/uploads\/2024\/05\/20240403_111614-1-300x169.jpg 300w, https:\/\/camillegris.com\/wp-content\/uploads\/2024\/05\/20240403_111614-1-768x432.jpg 768w, https:\/\/camillegris.com\/wp-content\/uploads\/2024\/05\/20240403_111614-1-1536x864.jpg 1536w, https:\/\/camillegris.com\/wp-content\/uploads\/2024\/05\/20240403_111614-1-2048x1152.jpg 2048w, https:\/\/camillegris.com\/wp-content\/uploads\/2024\/05\/20240403_111614-1-1280x720.jpg 1280w\" sizes=\"(max-width: 1024px) 100vw, 1024px\" \/><\/figure>\n<\/div><\/div>\n\n\n\n<p class=\"has-large-font-size\"><\/p>\n","protected":false},"excerpt":{"rendered":"<p>Mon parcours J&rsquo;ai d\u00e9couvert la c\u00e9ramique \u00e0 l&rsquo;adolescence ; Cette pratique lumineuse et singuli\u00e8re ne m&rsquo;a jamais quitt\u00e9. En 2005, j&rsquo;obtiens un BMA (Brevet des m\u00e9tiers d&rsquo;arts) c\u00e9ramique; Puis en 2009 un DNAP ( dipl\u00f4me &hellip; <\/p>\n","protected":false},"author":1,"featured_media":0,"parent":0,"menu_order":0,"comment_status":"closed","ping_status":"closed","template":"","meta":{"om_disable_all_campaigns":false,"_monsterinsights_skip_tracking":false,"_monsterinsights_sitenote_active":false,"_monsterinsights_sitenote_note":"","_monsterinsights_sitenote_category":0,"footnotes":""},"aioseo_notices":[],"_links":{"self":[{"href":"https:\/\/camillegris.com\/index.php\/wp-json\/wp\/v2\/pages\/97"}],"collection":[{"href":"https:\/\/camillegris.com\/index.php\/wp-json\/wp\/v2\/pages"}],"about":[{"href":"https:\/\/camillegris.com\/index.php\/wp-json\/wp\/v2\/types\/page"}],"author":[{"embeddable":true,"href":"https:\/\/camillegris.com\/index.php\/wp-json\/wp\/v2\/users\/1"}],"replies":[{"embeddable":true,"href":"https:\/\/camillegris.com\/index.php\/wp-json\/wp\/v2\/comments?post=97"}],"version-history":[{"count":26,"href":"https:\/\/camillegris.com\/index.php\/wp-json\/wp\/v2\/pages\/97\/revisions"}],"predecessor-version":[{"id":819,"href":"https:\/\/camillegris.com\/index.php\/wp-json\/wp\/v2\/pages\/97\/revisions\/819"}],"wp:attachment":[{"href":"https:\/\/camillegris.com\/index.php\/wp-json\/wp\/v2\/media?parent=97"}],"curies":[{"name":"wp","href":"https:\/\/api.w.org\/{rel}","templated":true}]}}